{"id":11,"date":"2015-11-19T22:18:48","date_gmt":"2015-11-19T21:18:48","guid":{"rendered":"http:\/\/www.perfectbook.it\/readyourlife\/?page_id=11"},"modified":"2020-06-26T16:14:10","modified_gmt":"2020-06-26T14:14:10","slug":"attraverso-lo-specchio","status":"publish","type":"page","link":"https:\/\/www.perfectbook.it\/readyourlife\/attraverso-lo-specchio","title":{"rendered":"Attraverso lo specchio"},"content":{"rendered":"\n<div class=\"wp-block-image\"><figure class=\"aligncenter\"><img loading=\"lazy\" decoding=\"async\" width=\"1024\" height=\"197\" src=\"http:\/\/www.perfectbook.it\/readyourlife\/wp-content\/uploads\/2015\/11\/attraverso_lo_specchio1-e1463561213388-1024x197.png\" alt=\"attraverso lo specchio\" class=\"wp-image-99\" srcset=\"https:\/\/www.perfectbook.it\/readyourlife\/wp-content\/uploads\/2015\/11\/attraverso_lo_specchio1-e1463561213388-1024x197.png 1024w, https:\/\/www.perfectbook.it\/readyourlife\/wp-content\/uploads\/2015\/11\/attraverso_lo_specchio1-e1463561213388-300x58.png 300w, https:\/\/www.perfectbook.it\/readyourlife\/wp-content\/uploads\/2015\/11\/attraverso_lo_specchio1-e1463561213388-700x135.png 700w, https:\/\/www.perfectbook.it\/readyourlife\/wp-content\/uploads\/2015\/11\/attraverso_lo_specchio1-e1463561213388.png 1280w\" sizes=\"auto, (max-width: 1024px) 100vw, 1024px\" \/><\/figure><\/div>\n\n\n\n<p>La rubrica &#8220;ATTRAVERSO LO SPECCHIO&#8221; di Read Your Life nasce con l&#8217;obiettivo di portarvi nel nostro mondo: un mondo fatto di situazioni vissute, di ricordi, di&nbsp;sogni, di black and white, di antitesi, di arcobaleni inaspettati, di #hashtag, di controtendenze&nbsp;e di relazioni.<\/p>\n\n\n\n<p>Parliamo di noi, parliamo di voi ma soprattutto parliamo di storie e cerchiamo di farlo in modo frizzante e autentico.\u00a0Vorremo farvi entrare \u201cattraverso lo specchio\u201d per provare un sentire comune, vogliamo partire da ci\u00f2 che\u00a0ci accomuna &#8211;\u00a0la realt\u00e0 &#8211;\u00a0e andare pi\u00f9 a fondo, toccando gli affetti e le emozioni, utilizzando come tramite proprio\u00a0i libri.<\/p>\n\n\n\n<p>Volevamo per voi un\u2019esperienza multidimensionale cos\u00ec abbiamo selezionato:<\/p>\n\n\n\n<ul class=\"wp-block-list\"><li>Una stimata Digital PR per una famosa casa editrice, conoscitrice profonda di mode passate e future\u00a0e di ci\u00f2 che le donne non dicono e lei riesce a dire benissimo, da Donna Moderna all\u2019energia\u00a0del <em>chic after fifty<\/em><\/li><li>Un professore universitario che riempie le aule magne e che parla nei suoi numerosi libri di ricordi\u00a0ed emozioni con una leggerezza e profondit\u00e0 da vero &#8220;viaggiatore di nuvole&#8221;<\/li><li>Una trentenne bookblogger che beve caff\u00e8, scrive libri, parla di fili invisibili e riesce a camminarci\u00a0sopra; parla di luci e di ombre con acutezza e spontaneit\u00e0<\/li><li>Un fisico mancato, un musicologo, anzi un giocatore di basket, anzi un\u00a0musico, anzi un giornalista&#8230;ok, un inventore di storie! Originalit\u00e0, simpatia ed il giusto pizzico di follia al vostro servizio<\/li><li>PerfectBook (il cui nome rimarr\u00e0 anonimo), passionale e illogico, lettore ossessivo, che crede nei\u00a0sogni e non nel cinismo, che ascolta storie, lavora con le emozioni, ricerca soluzioni e ama le\u00a0diversit\u00e0<\/li><\/ul>\n\n\n\n<p>Siamo sicuri vi faranno divertire, incuriosire ed emozionare. Il libro? \u00c8&nbsp;lo&nbsp;strumento per attraversare lo specchio e osservare finalmente la vera immagine di noi stessi.<\/p>\n\n\n\n<p>Buona lettura<br>Read Your Life<\/p>\n\n\n\n<p class=\"has-text-align-center\">Le nostre dimensioni:<\/p>\n\n\n\n<h4 class=\"has-text-align-center wp-block-heading\"><strong><span style=\"color: #ff19b2;\">Anna da Re<\/span><\/strong><\/h4>\n\n\n\n<p><\/p>\n\n\n\n<div class=\"wp-block-image\"><figure class=\"alignleft size-large is-resized\"><img loading=\"lazy\" decoding=\"async\" src=\"http:\/\/www.perfectbook.it\/readyourlife\/wp-content\/uploads\/2015\/11\/annadare.png\" alt=\"Anna da Re\" class=\"wp-image-12\" width=\"302\" height=\"302\" srcset=\"https:\/\/www.perfectbook.it\/readyourlife\/wp-content\/uploads\/2015\/11\/annadare.png 400w, https:\/\/www.perfectbook.it\/readyourlife\/wp-content\/uploads\/2015\/11\/annadare-150x150.png 150w, https:\/\/www.perfectbook.it\/readyourlife\/wp-content\/uploads\/2015\/11\/annadare-300x300.png 300w, https:\/\/www.perfectbook.it\/readyourlife\/wp-content\/uploads\/2015\/11\/annadare-350x350.png 350w\" sizes=\"auto, (max-width: 302px) 100vw, 302px\" \/><\/figure><\/div>\n\n\n\n<p>Non so quando ho cominciato ad amare i libri ma era molto presto. In casa ce ne erano tanti e continuavano ad arrivare. Nei libri mi immergevo e dimenticavo tutto il resto.<br>La cosa sorprendente \u00e8 che, pur essendo passati 50 anni, \u00e8 ancora cos\u00ec. Ho perso treni e persino un aereo perch\u00e9 stavo leggendo e non sentivo gli annunci fatti con l\u2019altoparlante. Con queste premesse, non \u00e8 un caso che lavori nei libri (sono Digital PR per Mondadori Libri) n\u00e9 che mi piaccia scrivere di libri: dell\u2019effetto che fanno i libri. E siccome credo sia vero che ogni lettore legge un libro diverso, ecco, mi piacer\u00e0 raccontare i libri da lettore (o lettrice). Lo sto gi\u00e0 facendo sul blog collettivo <a href=\"http:\/\/www.ciabattine.net\" target=\"_blank\" rel=\"noopener noreferrer\">Ciabattine<\/a>; lo far\u00f2, in modo pi\u00f9 leggero, nella nuova versione del mio blog di moda <a href=\"http:\/\/www.chicafterfifty.net\" target=\"_blank\" rel=\"noopener noreferrer\">Chic After Fifty<\/a>; e soprattutto non credo mi stancher\u00f2 mai di farlo.<\/p>\n\n\n\n<h4 class=\"has-text-align-center wp-block-heading\"><strong><span style=\"color: #57cfb0;\">Giuseppe Lupo<\/span><\/strong><\/h4>\n\n\n\n<p><\/p>\n\n\n\n<div class=\"wp-block-image\"><figure class=\"alignright size-large is-resized\"><img loading=\"lazy\" decoding=\"async\" src=\"http:\/\/www.perfectbook.it\/readyourlife\/wp-content\/uploads\/2015\/11\/giuseppelupo.png\" alt=\"Giuseppe Lupo\" class=\"wp-image-13\" width=\"325\" height=\"325\" srcset=\"https:\/\/www.perfectbook.it\/readyourlife\/wp-content\/uploads\/2015\/11\/giuseppelupo.png 400w, https:\/\/www.perfectbook.it\/readyourlife\/wp-content\/uploads\/2015\/11\/giuseppelupo-150x150.png 150w, https:\/\/www.perfectbook.it\/readyourlife\/wp-content\/uploads\/2015\/11\/giuseppelupo-300x300.png 300w, https:\/\/www.perfectbook.it\/readyourlife\/wp-content\/uploads\/2015\/11\/giuseppelupo-350x350.png 350w\" sizes=\"auto, (max-width: 325px) 100vw, 325px\" \/><\/figure><\/div>\n\n\n\n<p>Sono nato e vissuto diciott&#8217;anni in una terra dal paesaggio multiforme, vivo da trentaquattro anni in una pianura umida e senza vento. Ho letto tantissimi libri. Avrei voluto leggerne altri. Quelli che non avrei voluto leggere e non trovavo nelle biblioteche, li ho scritti io.<br>Insegno letteratura italiana contemporanea presso l&#8217;Universit\u00e0 Cattolica di Milano e di Brescia. Per Marsilio ho pubblicato L&#8217;americano di Celenne (2000; Premio Giuseppe Berto, Premio Mondello, Prix du premier roman), Ballo ad Agropinto (2004), La carovana Zanardelli (2008; Premio Grinzane Cavour-Fondazione Carical, Premio Carlo Levi), L&#8217;ultima sposa di Palmira (2011; Premio Campiello-Selezione giuria dei letterati, Premio Vittorini), Viaggiatori di nuvole (2013; Premio Giuseppe Dess\u00ec), Atlante immaginario (2014) e L\u2019albero di stanze (2015). Sono autore di numerosi saggi e collaboro alle pagine culturali del &#8220;Sole-24Ore&#8221; e di &#8220;Avvenire&#8221;.<\/p>\n\n\n\n<h4 class=\"has-text-align-center wp-block-heading\"><strong style=\"color: rgb(163, 228, 107); font-size: 1.313em;\">Noemi Cuffia<\/strong><\/h4>\n\n\n\n<p><\/p>\n\n\n\n<div class=\"wp-block-image\"><figure class=\"alignleft size-large is-resized\"><img loading=\"lazy\" decoding=\"async\" src=\"http:\/\/www.perfectbook.it\/readyourlife\/wp-content\/uploads\/2015\/11\/noemicuffia.png\" alt=\"Noemi Cuffia\" class=\"wp-image-14\" width=\"302\" height=\"302\" srcset=\"https:\/\/www.perfectbook.it\/readyourlife\/wp-content\/uploads\/2015\/11\/noemicuffia.png 400w, https:\/\/www.perfectbook.it\/readyourlife\/wp-content\/uploads\/2015\/11\/noemicuffia-150x150.png 150w, https:\/\/www.perfectbook.it\/readyourlife\/wp-content\/uploads\/2015\/11\/noemicuffia-300x300.png 300w, https:\/\/www.perfectbook.it\/readyourlife\/wp-content\/uploads\/2015\/11\/noemicuffia-350x350.png 350w\" sizes=\"auto, (max-width: 302px) 100vw, 302px\" \/><\/figure><\/div>\n\n\n\n<p>Nata a Torino l&#8217;8\/8\/1980, mi piace sempre scrivere la mia data di nascita perch\u00e9 ci sono tanti 8! Mi sono laureata in Lettere &#8211; letteratura angloamericana perch\u00e9 mi incuriosisce una cultura cos\u00ec diversa dalla nostra eppure tanto affine a noi per molti aspetti. Lavoro in editoria e pubblicit\u00e0 e fino ad ora ho pubblicato alcuni racconti, un romanzo e un ebook insieme all&#8217;illustratrice Ilaria Urbinati. Da qualche anno scrivo sul mio bookblog <a href=\"http:\/\/eccomimi.blogspot.it\/\">Tazzina-di-caff\u00e8<\/a>, dove racconto anche le mie esperienze, i miei incontri, i miei pensieri e il mio amore per il caff\u00e8. Ho cominciato a leggere fin da bambina e gi\u00e0 dalla seconda elementare sognavo di diventare una scrittrice. Ancora oggi sono convinta che i libri siano strumenti perfetti per sognare e per ampliare le proprie vedute, ma non solo. Sono anche mondi che rendono la vita pi\u00f9 ricca e qualche volta contribuiscono a cambiarcela in meglio. Al momento, vivo infatti in una mansardina dove i libri ricoprono quasi ogni superficie, ed \u00e8 una delle cose pi\u00f9 belle del mio presente.<\/p>\n\n\n\n<h4 class=\"has-text-align-center wp-block-heading\"><strong><span style=\"color: #ff3419;\">Daniele\u00a0Bergesio<\/span><\/strong><\/h4>\n\n\n\n<p><\/p>\n\n\n\n<div class=\"wp-block-image\"><figure class=\"alignright size-large is-resized\"><img loading=\"lazy\" decoding=\"async\" src=\"http:\/\/www.perfectbook.it\/readyourlife\/wp-content\/uploads\/2015\/11\/danielebergesio.png\" alt=\"daniele bergesio\" class=\"wp-image-450\" width=\"305\" height=\"305\" srcset=\"https:\/\/www.perfectbook.it\/readyourlife\/wp-content\/uploads\/2015\/11\/danielebergesio.png 600w, https:\/\/www.perfectbook.it\/readyourlife\/wp-content\/uploads\/2015\/11\/danielebergesio-150x150.png 150w, https:\/\/www.perfectbook.it\/readyourlife\/wp-content\/uploads\/2015\/11\/danielebergesio-300x300.png 300w, https:\/\/www.perfectbook.it\/readyourlife\/wp-content\/uploads\/2015\/11\/danielebergesio-350x350.png 350w\" sizes=\"auto, (max-width: 305px) 100vw, 305px\" \/><\/figure><\/div>\n\n\n\n<p>Sono nato diversi anni fa a Pordenone, citt\u00e0 che ha aspettato bene che me ne andassi per mettere in piedi uno dei festival del libro pi\u00f9 grossi che vi vengano in mente. Per fortuna, a parte una parentesi universitaria a Gorizia, sono finito a Torino, dove pare che i libri siano comunque di casa. Mi sono laureato in una cosa che sta a met\u00e0 strada tra Musicologia e il DAMS, facolt\u00e0 che ho preferito all\u2019ultimo momento a Fisica &#8211; non fatevi domande! &#8211; e vivo immaginando come sarebbe se anch\u2019io facessi\u2026 qualsiasi cosa mi sbatte contro. Quindi ho provato a giocare a basket (male), poi a suonare e cantare (meglio), a fare il giornalista (circa) e infine anche a inventare storie, che pi\u00f9 sono corte e meglio mi vengono come testimonia Favole Turbo (pubblicato da Leima nel 2016). Sono uno di quei lettori penosi, ma a cui l\u2019editoria dovrebbe fare un monumento: compro montagne di libri che leggo male, arrivando in fondo una volta su tre &#8211; sar\u00f2 esigente o pigro? Chiss\u00e0. Un giorno ho deciso di riprovare a leggere libri per bambini e ho scoperto che hanno tutto quello che cerco dalle pagine: grandi storie, la vita in filigrana, colpi di genio, complessit\u00e0 semplice, commozione e risate in egual misura, foliazione adeguata alla mia attenzione. Amore a prima (ri)vista, insomma.<\/p>\n","protected":false},"excerpt":{"rendered":"<p>La rubrica &#8220;ATTRAVERSO LO SPECCHIO&#8221; di Read Your Life nasce con l&#8217;obiettivo di portarvi nel&#8230;<\/p>\n<div class=\"more-link-wrapper\"><a class=\"more-link\" href=\"https:\/\/www.perfectbook.it\/readyourlife\/attraverso-lo-specchio\">Leggi l&#039;articolo<span class=\"screen-reader-text\">Attraverso lo specchio<\/span><\/a><\/div>\n","protected":false},"author":1,"featured_media":0,"parent":0,"menu_order":0,"comment_status":"closed","ping_status":"closed","template":"","meta":{"_monsterinsights_skip_tracking":false,"_monsterinsights_sitenote_active":false,"_monsterinsights_sitenote_note":"","_monsterinsights_sitenote_category":0,"_uf_show_specific_survey":0,"_uf_disable_surveys":false,"footnotes":""},"class_list":["post-11","page","type-page","status-publish","hentry","excerpt","zoom","full-without-featured","even","excerpt-0"],"aioseo_notices":[],"_links":{"self":[{"href":"https:\/\/www.perfectbook.it\/readyourlife\/wp-json\/wp\/v2\/pages\/11","targetHints":{"allow":["GET"]}}],"collection":[{"href":"https:\/\/www.perfectbook.it\/readyourlife\/wp-json\/wp\/v2\/pages"}],"about":[{"href":"https:\/\/www.perfectbook.it\/readyourlife\/wp-json\/wp\/v2\/types\/page"}],"author":[{"embeddable":true,"href":"https:\/\/www.perfectbook.it\/readyourlife\/wp-json\/wp\/v2\/users\/1"}],"replies":[{"embeddable":true,"href":"https:\/\/www.perfectbook.it\/readyourlife\/wp-json\/wp\/v2\/comments?post=11"}],"version-history":[{"count":27,"href":"https:\/\/www.perfectbook.it\/readyourlife\/wp-json\/wp\/v2\/pages\/11\/revisions"}],"predecessor-version":[{"id":1175,"href":"https:\/\/www.perfectbook.it\/readyourlife\/wp-json\/wp\/v2\/pages\/11\/revisions\/1175"}],"wp:attachment":[{"href":"https:\/\/www.perfectbook.it\/readyourlife\/wp-json\/wp\/v2\/media?parent=11"}],"curies":[{"name":"wp","href":"https:\/\/api.w.org\/{rel}","templated":true}]}}

<div class="wp-block-image"><figure class="aligncenter"><img loading="lazy" decoding="async" width="1024" height="197" src="http://www.perfectbook.it/readyourlife/wp-content/uploads/2015/11/attraverso_lo_specchio1-e1463561213388-1024x197.png" alt="attraverso lo specchio" class="wp-image-99" srcset="https://www.perfectbook.it/readyourlife/wp-content/uploads/2015/11/attraverso_lo_specchio1-e1463561213388-1024x197.png 1024w, https://www.perfectbook.it/readyourlife/wp-content/uploads/2015/11/attraverso_lo_specchio1-e1463561213388-300x58.png 300w, https://www.perfectbook.it/readyourlife/wp-content/uploads/2015/11/attraverso_lo_specchio1-e1463561213388-700x135.png 700w, https://www.perfectbook.it/readyourlife/wp-content/uploads/2015/11/attraverso_lo_specchio1-e1463561213388.png 1280w" sizes="auto, (max-width: 1024px) 100vw, 1024px" /></figure></div>



<p>La rubrica &#8220;ATTRAVERSO LO SPECCHIO&#8221; di Read Your Life nasce con l&#8217;obiettivo di portarvi nel nostro mondo: un mondo fatto di situazioni vissute, di ricordi, di&nbsp;sogni, di black and white, di antitesi, di arcobaleni inaspettati, di #hashtag, di controtendenze&nbsp;e di relazioni.</p>



<p>Parliamo di noi, parliamo di voi ma soprattutto parliamo di storie e cerchiamo di farlo in modo frizzante e autentico. Vorremo farvi entrare “attraverso lo specchio” per provare un sentire comune, vogliamo partire da ciò che ci accomuna &#8211; la realtà &#8211; e andare più a fondo, toccando gli affetti e le emozioni, utilizzando come tramite proprio i libri.</p>



<p>Volevamo per voi un’esperienza multidimensionale così abbiamo selezionato:</p>



<ul class="wp-block-list"><li>Una stimata Digital PR per una famosa casa editrice, conoscitrice profonda di mode passate e future e di ciò che le donne non dicono e lei riesce a dire benissimo, da Donna Moderna all’energia del <em>chic after fifty</em></li><li>Un professore universitario che riempie le aule magne e che parla nei suoi numerosi libri di ricordi ed emozioni con una leggerezza e profondità da vero &#8220;viaggiatore di nuvole&#8221;</li><li>Una trentenne bookblogger che beve caffè, scrive libri, parla di fili invisibili e riesce a camminarci sopra; parla di luci e di ombre con acutezza e spontaneità</li><li>Un fisico mancato, un musicologo, anzi un giocatore di basket, anzi un musico, anzi un giornalista&#8230;ok, un inventore di storie! Originalità, simpatia ed il giusto pizzico di follia al vostro servizio</li><li>PerfectBook (il cui nome rimarrà anonimo), passionale e illogico, lettore ossessivo, che crede nei sogni e non nel cinismo, che ascolta storie, lavora con le emozioni, ricerca soluzioni e ama le diversità</li></ul>



<p>Siamo sicuri vi faranno divertire, incuriosire ed emozionare. Il libro? È&nbsp;lo&nbsp;strumento per attraversare lo specchio e osservare finalmente la vera immagine di noi stessi.</p>



<p>Buona lettura<br>Read Your Life</p>



<p class="has-text-align-center">Le nostre dimensioni:</p>



<h4 class="has-text-align-center wp-block-heading"><strong><span style="color: #ff19b2;">Anna da Re</span></strong></h4>



<p></p>



<div class="wp-block-image"><figure class="alignleft size-large is-resized"><img loading="lazy" decoding="async" src="http://www.perfectbook.it/readyourlife/wp-content/uploads/2015/11/annadare.png" alt="Anna da Re" class="wp-image-12" width="302" height="302" srcset="https://www.perfectbook.it/readyourlife/wp-content/uploads/2015/11/annadare.png 400w, https://www.perfectbook.it/readyourlife/wp-content/uploads/2015/11/annadare-150x150.png 150w, https://www.perfectbook.it/readyourlife/wp-content/uploads/2015/11/annadare-300x300.png 300w, https://www.perfectbook.it/readyourlife/wp-content/uploads/2015/11/annadare-350x350.png 350w" sizes="auto, (max-width: 302px) 100vw, 302px" /></figure></div>



<p>Non so quando ho cominciato ad amare i libri ma era molto presto. In casa ce ne erano tanti e continuavano ad arrivare. Nei libri mi immergevo e dimenticavo tutto il resto.<br>La cosa sorprendente è che, pur essendo passati 50 anni, è ancora così. Ho perso treni e persino un aereo perché stavo leggendo e non sentivo gli annunci fatti con l’altoparlante. Con queste premesse, non è un caso che lavori nei libri (sono Digital PR per Mondadori Libri) né che mi piaccia scrivere di libri: dell’effetto che fanno i libri. E siccome credo sia vero che ogni lettore legge un libro diverso, ecco, mi piacerà raccontare i libri da lettore (o lettrice). Lo sto già facendo sul blog collettivo <a href="http://www.ciabattine.net" target="_blank" rel="noopener noreferrer">Ciabattine</a>; lo farò, in modo più leggero, nella nuova versione del mio blog di moda <a href="http://www.chicafterfifty.net" target="_blank" rel="noopener noreferrer">Chic After Fifty</a>; e soprattutto non credo mi stancherò mai di farlo.</p>



<h4 class="has-text-align-center wp-block-heading"><strong><span style="color: #57cfb0;">Giuseppe Lupo</span></strong></h4>



<p></p>



<div class="wp-block-image"><figure class="alignright size-large is-resized"><img loading="lazy" decoding="async" src="http://www.perfectbook.it/readyourlife/wp-content/uploads/2015/11/giuseppelupo.png" alt="Giuseppe Lupo" class="wp-image-13" width="325" height="325" srcset="https://www.perfectbook.it/readyourlife/wp-content/uploads/2015/11/giuseppelupo.png 400w, https://www.perfectbook.it/readyourlife/wp-content/uploads/2015/11/giuseppelupo-150x150.png 150w, https://www.perfectbook.it/readyourlife/wp-content/uploads/2015/11/giuseppelupo-300x300.png 300w, https://www.perfectbook.it/readyourlife/wp-content/uploads/2015/11/giuseppelupo-350x350.png 350w" sizes="auto, (max-width: 325px) 100vw, 325px" /></figure></div>



<p>Sono nato e vissuto diciott&#8217;anni in una terra dal paesaggio multiforme, vivo da trentaquattro anni in una pianura umida e senza vento. Ho letto tantissimi libri. Avrei voluto leggerne altri. Quelli che non avrei voluto leggere e non trovavo nelle biblioteche, li ho scritti io.<br>Insegno letteratura italiana contemporanea presso l&#8217;Università Cattolica di Milano e di Brescia. Per Marsilio ho pubblicato L&#8217;americano di Celenne (2000; Premio Giuseppe Berto, Premio Mondello, Prix du premier roman), Ballo ad Agropinto (2004), La carovana Zanardelli (2008; Premio Grinzane Cavour-Fondazione Carical, Premio Carlo Levi), L&#8217;ultima sposa di Palmira (2011; Premio Campiello-Selezione giuria dei letterati, Premio Vittorini), Viaggiatori di nuvole (2013; Premio Giuseppe Dessì), Atlante immaginario (2014) e L’albero di stanze (2015). Sono autore di numerosi saggi e collaboro alle pagine culturali del &#8220;Sole-24Ore&#8221; e di &#8220;Avvenire&#8221;.</p>



<h4 class="has-text-align-center wp-block-heading"><strong style="color: rgb(163, 228, 107); font-size: 1.313em;">Noemi Cuffia</strong></h4>



<p></p>



<div class="wp-block-image"><figure class="alignleft size-large is-resized"><img loading="lazy" decoding="async" src="http://www.perfectbook.it/readyourlife/wp-content/uploads/2015/11/noemicuffia.png" alt="Noemi Cuffia" class="wp-image-14" width="302" height="302" srcset="https://www.perfectbook.it/readyourlife/wp-content/uploads/2015/11/noemicuffia.png 400w, https://www.perfectbook.it/readyourlife/wp-content/uploads/2015/11/noemicuffia-150x150.png 150w, https://www.perfectbook.it/readyourlife/wp-content/uploads/2015/11/noemicuffia-300x300.png 300w, https://www.perfectbook.it/readyourlife/wp-content/uploads/2015/11/noemicuffia-350x350.png 350w" sizes="auto, (max-width: 302px) 100vw, 302px" /></figure></div>



<p>Nata a Torino l&#8217;8/8/1980, mi piace sempre scrivere la mia data di nascita perché ci sono tanti 8! Mi sono laureata in Lettere &#8211; letteratura angloamericana perché mi incuriosisce una cultura così diversa dalla nostra eppure tanto affine a noi per molti aspetti. Lavoro in editoria e pubblicità e fino ad ora ho pubblicato alcuni racconti, un romanzo e un ebook insieme all&#8217;illustratrice Ilaria Urbinati. Da qualche anno scrivo sul mio bookblog <a href="http://eccomimi.blogspot.it/">Tazzina-di-caffè</a>, dove racconto anche le mie esperienze, i miei incontri, i miei pensieri e il mio amore per il caffè. Ho cominciato a leggere fin da bambina e già dalla seconda elementare sognavo di diventare una scrittrice. Ancora oggi sono convinta che i libri siano strumenti perfetti per sognare e per ampliare le proprie vedute, ma non solo. Sono anche mondi che rendono la vita più ricca e qualche volta contribuiscono a cambiarcela in meglio. Al momento, vivo infatti in una mansardina dove i libri ricoprono quasi ogni superficie, ed è una delle cose più belle del mio presente.</p>



<h4 class="has-text-align-center wp-block-heading"><strong><span style="color: #ff3419;">Daniele Bergesio</span></strong></h4>



<p></p>



<div class="wp-block-image"><figure class="alignright size-large is-resized"><img loading="lazy" decoding="async" src="http://www.perfectbook.it/readyourlife/wp-content/uploads/2015/11/danielebergesio.png" alt="daniele bergesio" class="wp-image-450" width="305" height="305" srcset="https://www.perfectbook.it/readyourlife/wp-content/uploads/2015/11/danielebergesio.png 600w, https://www.perfectbook.it/readyourlife/wp-content/uploads/2015/11/danielebergesio-150x150.png 150w, https://www.perfectbook.it/readyourlife/wp-content/uploads/2015/11/danielebergesio-300x300.png 300w, https://www.perfectbook.it/readyourlife/wp-content/uploads/2015/11/danielebergesio-350x350.png 350w" sizes="auto, (max-width: 305px) 100vw, 305px" /></figure></div>



<p>Sono nato diversi anni fa a Pordenone, città che ha aspettato bene che me ne andassi per mettere in piedi uno dei festival del libro più grossi che vi vengano in mente. Per fortuna, a parte una parentesi universitaria a Gorizia, sono finito a Torino, dove pare che i libri siano comunque di casa. Mi sono laureato in una cosa che sta a metà strada tra Musicologia e il DAMS, facoltà che ho preferito all’ultimo momento a Fisica &#8211; non fatevi domande! &#8211; e vivo immaginando come sarebbe se anch’io facessi… qualsiasi cosa mi sbatte contro. Quindi ho provato a giocare a basket (male), poi a suonare e cantare (meglio), a fare il giornalista (circa) e infine anche a inventare storie, che più sono corte e meglio mi vengono come testimonia Favole Turbo (pubblicato da Leima nel 2016). Sono uno di quei lettori penosi, ma a cui l’editoria dovrebbe fare un monumento: compro montagne di libri che leggo male, arrivando in fondo una volta su tre &#8211; sarò esigente o pigro? Chissà. Un giorno ho deciso di riprovare a leggere libri per bambini e ho scoperto che hanno tutto quello che cerco dalle pagine: grandi storie, la vita in filigrana, colpi di genio, complessità semplice, commozione e risate in egual misura, foliazione adeguata alla mia attenzione. Amore a prima (ri)vista, insomma.</p>
